{"id":2,"date":"2020-10-09T22:33:16","date_gmt":"2020-10-09T20:33:16","guid":{"rendered":"http:\/\/romanesques.fr\/?page_id=2"},"modified":"2025-10-15T11:35:44","modified_gmt":"2025-10-15T09:35:44","slug":"page-d-exemple","status":"publish","type":"page","link":"http:\/\/romanesques.fr\/?page_id=2","title":{"rendered":"l&rsquo;\u00e9quipe"},"content":{"rendered":"\n<p class=\"has-background\" style=\"background-color:#bee0f5\">\u00ab\u00a0Roman &amp; romanesque\u00a0\u00bb est le nom d&rsquo;une \u00e9quipe interne du laboratoire CERCLL (Centre d&rsquo;\u00c9tudes des Relations et Contacts Linguistiques et Litt\u00e9raires) de l&rsquo;Universit\u00e9 de Picardie (Amiens), qui rassemble des enseignants-chercheurs francisants et comparatistes. La liste de ses membres est r\u00e9guli\u00e8rement mise \u00e0 jour <a href=\"https:\/\/www.u-picardie.fr\/unites-de-recherche\/cercll\/\">sur<\/a><a href=\"https:\/\/cercll.u-picardie.fr\/equipes-cercll\/roman-romanesque-rr\"> la page d&rsquo;accueil du laboratoire<\/a>. Cette \u00e9quipe est issue du Centre d&rsquo;\u00c9tude du Roman et du Romanesque cr\u00e9\u00e9 en 1976 au sein de l&rsquo;UFR des Lettres de l&rsquo;Universit\u00e9 de Picardie &#8211; Jules Verne.<\/p>\n\n\n\n<p><\/p>\n\n\n\n<p><\/p>\n","protected":false},"excerpt":{"rendered":"<p>\u00ab\u00a0Roman &amp; romanesque\u00a0\u00bb est le nom d&rsquo;une \u00e9quipe interne du laboratoire CERCLL (Centre d&rsquo;\u00c9tudes des Relations et Contacts Linguistiques et Litt\u00e9raires) de l&rsquo;Universit\u00e9 de Picardie (Amiens), qui rassemble des enseignants-chercheurs francisants et comparatistes. La liste&#8230;<\/p>\n","protected":false},"author":1,"featured_media":0,"parent":0,"menu_order":0,"comment_status":"closed","ping_status":"closed","template":"","meta":{"footnotes":""},"class_list":["post-2","page","type-page","status-publish","hentry","no-post-thumbnail"],"_links":{"self":[{"href":"http:\/\/romanesques.fr\/index.php?rest_route=\/wp\/v2\/pages\/2","targetHints":{"allow":["GET"]}}],"collection":[{"href":"http:\/\/romanesques.fr\/index.php?rest_route=\/wp\/v2\/pages"}],"about":[{"href":"http:\/\/romanesques.fr\/index.php?rest_route=\/wp\/v2\/types\/page"}],"author":[{"embeddable":true,"href":"http:\/\/romanesques.fr\/index.php?rest_route=\/wp\/v2\/users\/1"}],"replies":[{"embeddable":true,"href":"http:\/\/romanesques.fr\/index.php?rest_route=%2Fwp%2Fv2%2Fcomments&post=2"}],"version-history":[{"count":7,"href":"http:\/\/romanesques.fr\/index.php?rest_route=\/wp\/v2\/pages\/2\/revisions"}],"predecessor-version":[{"id":91,"href":"http:\/\/romanesques.fr\/index.php?rest_route=\/wp\/v2\/pages\/2\/revisions\/91"}],"wp:attachment":[{"href":"http:\/\/romanesques.fr\/index.php?rest_route=%2Fwp%2Fv2%2Fmedia&parent=2"}],"curies":[{"name":"wp","href":"https:\/\/api.w.org\/{rel}","templated":true}]}}

l&rsquo;équipe

<p class="has-background" style="background-color:#bee0f5">« Roman &amp; romanesque » est le nom d&rsquo;une équipe interne du laboratoire CERCLL (Centre d&rsquo;Études des Relations et Contacts Linguistiques et Littéraires) de l&rsquo;Université de Picardie (Amiens), qui rassemble des enseignants-chercheurs francisants et comparatistes. La liste de ses membres est régulièrement mise à jour <a href="https://www.u-picardie.fr/unites-de-recherche/cercll/">sur</a><a href="https://cercll.u-picardie.fr/equipes-cercll/roman-romanesque-rr"> la page d&rsquo;accueil du laboratoire</a>. Cette équipe est issue du Centre d&rsquo;Étude du Roman et du Romanesque créé en 1976 au sein de l&rsquo;UFR des Lettres de l&rsquo;Université de Picardie &#8211; Jules Verne.</p>



<p></p>



<p></p>

<p>« Roman &amp; romanesque » est le nom d&rsquo;une équipe interne du laboratoire CERCLL (Centre d&rsquo;Études des Relations et Contacts Linguistiques et Littéraires) de l&rsquo;Université de Picardie (Amiens), qui rassemble des enseignants-chercheurs francisants et comparatistes. La liste&#8230;</p>
